964?
3
What is the hundreds digit of 17350?
3
What is the units digit of 145111?
1
What is the thousands digit of 17431?
7
What is the thousands digit of 3898?
3
What is the units digit of 866?
6
What is the ten thousands digit of 118186?
1
What is the hundreds digit of 261?
2
What is the thousands digit of 2341?
2
What is the hundreds digit of 15042?
0
What is the tens digit of 160631?
3
What is the units digit of 176?
6
What is the hundreds digit of 1123?
1
What is the units digit of 113?
3
What is the tens digit of 1209?
0
What is the units digit of 3834?
4
What is the tens digit of 591?
9
What is the tens digit of 22127?
2
What is the tens digit of 2950?
5
What is the hundreds digit of 3925?
9
What is the hundreds digit of 2176?
1
What is the units digit of 5596?
6
What is the hundreds digit of 151594?
5
What is the hundreds digit of 203?
2
What is the hundreds digit of 16853?
8
What is the units digit of 956?
6
What is the hundreds digit of 12433?
4
What is the hundreds digit of 19300?
3
What is the ten thousands digit of 34914?
3
What is the units digit of 5130?
0
What is the tens digit of 3857?
5
What is the tens digit of 829?
2
What is the ten thousands digit of 40533?
4
What is the units digit of 45?
5
What is the ten thousands digit of 36487?
3
What is the tens digit of 11479?
7
What is the units digit of 46981?
1
What is the hundreds digit of 92131?
1
What is the thousands digit of 1051?
1
What is the units digit of 26574?
4
What is the thousands digit of 1300?
1
What is the hundreds digit of 4850?
8
What is the tens digit of 1446?
4
What is the tens digit of 248?
4
What is the hundreds digit of 3253?
2
What is the tens digit of 4206?
0
What is the ten thousands digit of 10195?
1
What is the tens digit of 2265?
6
What is the thousands digit of 2318?
2
What is the units digit of 11623?
3
What is the units digit of 462?
2
What is the hundreds digit of 7102?
1
What is the hundreds digit of 5502?
5
What is the hundreds digit of 6062?
0
What is the tens digit of 18522?
2
What is the hundreds digit of 1170?
1
What is the thousands digit of 7527?
7
What is the hundreds digit of 1308?
3
What is the hundreds digit of 464?
4
What is the ten thousands digit of 107260?
0
What is the thousands digit of 4094?
4
What is the units digit of 3954?
4
What is the tens digit of 1574?
7
What is the ten thousands digit of 42437?
4
What is the hundreds digit of 382?
3
What is the thousands digit of 2956?
2
What is the tens digit of 4696?
9
What is the tens digit of 3027?
2
What is the hundreds digit of 1555?
5
What is the units digit of 4351?
1
What is the tens digit of 716?
1
What is the ten thousands digit of 68297?
6
What is the thousands digit of 5809?
5
What is the tens digit of 2494?
9
What is the tens digit of 2898?
9
What is the hundreds digit of 6898?
8
What is the units digit of 59589?
9
What is the hundreds digit of 10219?
2
What is the tens digit of 402?
0
What is the ten thousands digit of 18329?
1
What is the tens digit of 33022?
2
What is the tens digit of 6163?
6
What is the units digit of 788?
8
What is the units digit of 83?
3
What is the hundreds digit of 3546?
5
What is the units digit of 1059?
9
What is the hundreds digit of 208?
2
What is the hundreds digit of 28000?
0
What is the units digit of 1414?
4
What is the tens digit of 1430?
3
What is the hundreds digit of 794?
7
What is the hundreds digit of 13372?
3
What is the tens digit of 185082?
8
What is the thousands digit of 3803?
3
What is the tens digit of 58393?
9
What is the tens digit of 821?
2
What is the thousands digit of 1080?
1
What is the thousands digit of 7871?
7
What is the thousands digit of 1079?
1
What is the tens digit of 605?
0
What is the thousands digit of 24724?
4
What is the tens digit of 21878?
7
What is the tens digit of 3716?
1
What is the hundreds digit of 467?
4
What is the thousands digit of 25389?
5
What is the hundreds digit of 11631?
6
What is the ten thousands digit of 22010?
2
What is the tens digit of 39168?
6
What is the thousands digit of 15541?
5
What is the ten thousands digit of 43513?
4
What is the ten thousands digit of 17329?
1
What is the hundreds digit of 932?
9
What is the tens digit of 879?
7
What is the hundreds digit of 1554?
5
What is the units digit of 1939?
9
What is the hundreds digit of 3443?
4
What is the thousands digit of 7417?
7
What is the hundreds digit of 1129?
1
What is the units digit of 17722?
2
What is the tens digit of 1490?
9
What is the ten thousands digit of 12367?
1
What is the units digit of 7185?
5
What is the tens digit of 36?
3
What is the hundred thousands digit of 189428?
1
What is the hundreds digit of 717?
7
What is the tens digit of 16117?
1
What is the tens digit of 881?
8
What is the tens digit of 1521?
2
What is the hundreds digit of 2812?
8
What is the thousands digit of 14907?
4
What is the ten thousands digit of 97121?
9
What is the ten thousands digit of 17034?
1
What is the tens digit of 182?
8
What is the hundred thousands digit of 116207?
1
What is the units digit of 28119?
9
What is the hundreds digit of 13329?
3
What is the thousands digit of 25962?
5
What is the ten thousands digit of 24784?
2
What is the thousands digit of 4533?
4
What is the units digit of 270?
0
What is the thousands digit of 1183?
1
What is the hundreds digit of 32859?
8
What is the thousands digit of 80994?
0
What is the units digit of 1194?
4
What is the units digit of 1008?
8
What is the thousands digit of 1977?
1
What is the thousands digit of 5605?
5
What is the hundreds digit of 3273?
2
What is the tens digit of 585?
8
What is the thousands digit of 20127?
0
What is the units digit of 8936?
6
What is the thousands digit of 3533?
3
What is the thousands digit of 33912?
3
What is the hundreds digit of 1177?
1
What is the hundreds digit of 7682?
6
What is the thousands digit of 1474?
1
What is the hundreds digit of 63183?
1
What is the tens digit of 3112?
1
What is the thousands digit of 10599?
0
What is the thousands digit of 3206?
3
What is the units digit of 4365?
5
What is the thousands digit of 9467?
9
What is the tens digit of 81555?
5
What is the units digit of 22354?
4
What is the units digit of 27011?
1
What is the units digit of 724?
4
What is the units digit of 455?
5
What is the tens digit of 4500?
0
What is the hundreds digit of 1290?
2
What is the units digit of 4560?
0
What is the thousands digit of 7207?
7
What is the thousands digit of 5798?
5
What is the hundreds digit of 85242?
2
What is the tens digit of 13095?
9
What is the ten thousands digit of 11511?
1
What is the hundreds digit of 816?
8
What is the hundreds digit of 1095?
0
What is the hundreds digit of 4953?
9
What is the units digit of 1013?
3
What is the units digit of 802?
2
What is the ten thousands digit of 75209?
7
What is the hundreds digit of 705?
7
What is the units digit of 1112?
2
What is the tens digit of 57243?
4
What is the units digit of 351?
1
What is the units digit of 455?
5
What is the units digit of 6914?
4
What is the units digit of 5496?
6
What is the hundreds digit of 1052?
0
What is the units digit of 13936?
6
What is the thousands digit of 31038?
1
What is the tens digit of 40474?
7
What is the units digit of 24009?
9
What is the hundreds digit of 104710?
7
What is the thousands digit of 2729?
2
What is the ten thousands digit of 38336?
3
What is the thousands digit of 25684?
5
What is the units digit of 1442?
2
What is the hundreds digit of 708?
7
What is the ten thousands digit of 98499?
9
What is the hundreds digit of 2925?
9
What is the thousands digit of 2719?
2
What is the tens digit of 1342?
4
What is the tens digit of 3754?
5
What is the units digit of 49243?
3
What is the tens digit of 11161?
6
What is the ten thousands digit of 35612?
3
What is the hundreds digit of 4093?
0
What is the hundreds digit of 126315?
3
What is the units digit of 53531?
1
What is the units digit of 19154?
4
What is the tens digit of 93950?
5
What is the hundreds digit of 331?
3
What is the thousands digit of 68809?
8
What is the tens digit of 2354?
5
What is the ten thousands digit of 48545?
4
What is the units digit of 4439?
9
What is the hundreds digit of 4557?
5
What is the thousands digit of 7243?
7
What is the tens digit 